[INFO] cloning repository https://github.com/after-finitude/rust-simple-crud
[INFO] running `Command { std: "git" "-c" "credential.helper=" "-c" "credential.helper=/workspace/cargo-home/bin/git-credential-null" "clone" "--bare" "https://github.com/after-finitude/rust-simple-crud" "/workspace/cache/git-repos/https%3A%2F%2Fgithub.com%2Fafter-finitude%2Frust-simple-crud", kill_on_drop: false }`
[INFO] [stderr] Cloning into bare repository '/workspace/cache/git-repos/https%3A%2F%2Fgithub.com%2Fafter-finitude%2Frust-simple-crud'...
[INFO] running `Command { std: "git" "rev-parse" "HEAD", kill_on_drop: false }`
[INFO] [stdout] f7778c4a439fd5ff0ec01f8c87323eb9c7a8af82
[INFO] checking after-finitude/rust-simple-crud against master#af3c6e733a40e671550e0f0f5aeecaa13772ba56 for pr-74989
[INFO] running `Command { std: "git" "clone" "/workspace/cache/git-repos/https%3A%2F%2Fgithub.com%2Fafter-finitude%2Frust-simple-crud" "/workspace/builds/worker-6/source", kill_on_drop: false }`
[INFO] [stderr] Cloning into '/workspace/builds/worker-6/source'...
[INFO] [stderr] done.
[INFO] validating manifest of git repo https://github.com/after-finitude/rust-simple-crud on toolchain af3c6e733a40e671550e0f0f5aeecaa13772ba56
[INFO] running `Command { std: "/workspace/cargo-home/bin/cargo" "+af3c6e733a40e671550e0f0f5aeecaa13772ba56" "read-manifest" "--manifest-path" "Cargo.toml", kill_on_drop: false }`
[INFO] started tweaking git repo https://github.com/after-finitude/rust-simple-crud
[INFO] finished tweaking git repo https://github.com/after-finitude/rust-simple-crud
[INFO] tweaked toml for git repo https://github.com/after-finitude/rust-simple-crud written to /workspace/builds/worker-6/source/Cargo.toml
[INFO] crate git repo https://github.com/after-finitude/rust-simple-crud already has a lockfile, it will not be regenerated
[INFO] running `Command { std: "/workspace/cargo-home/bin/cargo" "+af3c6e733a40e671550e0f0f5aeecaa13772ba56" "fetch" "--locked" "--manifest-path" "Cargo.toml", kill_on_drop: false }`
[INFO] running `Command { std: "docker" "create" "-v" "/var/lib/crater-agent-workspace/builds/worker-6/target:/opt/rustwide/target:rw,Z" "-v" "/var/lib/crater-agent-workspace/builds/worker-6/source:/opt/rustwide/workdir:ro,Z" "-v" "/var/lib/crater-agent-workspace/cargo-home:/opt/rustwide/cargo-home:ro,Z" "-v" "/var/lib/crater-agent-workspace/rustup-home:/opt/rustwide/rustup-home:ro,Z" "-e" "SOURCE_DIR=/opt/rustwide/workdir" "-e" "CARGO_TARGET_DIR=/opt/rustwide/target" "-e" "CARGO_HOME=/opt/rustwide/cargo-home" "-e" "RUSTUP_HOME=/opt/rustwide/rustup-home" "-w" "/opt/rustwide/workdir" "-m" "1610612736" "--user" "0:0" "--network" "none" "rustops/crates-build-env@sha256:d92eaeed33fa75130ca1ee6c8a01d1ffb62bac859dfdfb3450e3e5d1c0146529" "/opt/rustwide/cargo-home/bin/cargo" "+af3c6e733a40e671550e0f0f5aeecaa13772ba56" "metadata" "--no-deps" "--format-version=1", kill_on_drop: false }`
[INFO] [stdout] 1571b41619482f14a6f9f9cb0eaf7a15e9203dbebcf494a0e2480c3f3d6a22c2
[INFO] [stderr] WARNING: Your kernel does not support swap limit capabilities or the cgroup is not mounted. Memory limited without swap.
[INFO] running `Command { std: "docker" "start" "-a" "1571b41619482f14a6f9f9cb0eaf7a15e9203dbebcf494a0e2480c3f3d6a22c2", kill_on_drop: false }`
[INFO] running `Command { std: "docker" "inspect" "1571b41619482f14a6f9f9cb0eaf7a15e9203dbebcf494a0e2480c3f3d6a22c2", kill_on_drop: false }`
[INFO] running `Command { std: "docker" "rm" "-f" "1571b41619482f14a6f9f9cb0eaf7a15e9203dbebcf494a0e2480c3f3d6a22c2", kill_on_drop: false }`
[INFO] [stdout] 1571b41619482f14a6f9f9cb0eaf7a15e9203dbebcf494a0e2480c3f3d6a22c2
[INFO] running `Command { std: "docker" "create" "-v" "/var/lib/crater-agent-workspace/builds/worker-6/target:/opt/rustwide/target:rw,Z" "-v" "/var/lib/crater-agent-workspace/builds/worker-6/source:/opt/rustwide/workdir:ro,Z" "-v" "/var/lib/crater-agent-workspace/cargo-home:/opt/rustwide/cargo-home:ro,Z" "-v" "/var/lib/crater-agent-workspace/rustup-home:/opt/rustwide/rustup-home:ro,Z" "-e" "SOURCE_DIR=/opt/rustwide/workdir" "-e" "CARGO_TARGET_DIR=/opt/rustwide/target" "-e" "CARGO_INCREMENTAL=0" "-e" "RUST_BACKTRACE=full" "-e" "RUSTFLAGS=--cap-lints=forbid" "-e" "CARGO_HOME=/opt/rustwide/cargo-home" "-e" "RUSTUP_HOME=/opt/rustwide/rustup-home" "-w" "/opt/rustwide/workdir" "-m" "1610612736" "--user" "0:0" "--network" "none" "rustops/crates-build-env@sha256:d92eaeed33fa75130ca1ee6c8a01d1ffb62bac859dfdfb3450e3e5d1c0146529" "/opt/rustwide/cargo-home/bin/cargo" "+af3c6e733a40e671550e0f0f5aeecaa13772ba56" "check" "--frozen" "--all" "--all-targets" "--message-format=json", kill_on_drop: false }`
[INFO] [stdout] 280a6384b51aca1338d80deb96eb480ce832ea0e17de171d842f88c70409fc99
[INFO] [stderr] WARNING: Your kernel does not support swap limit capabilities or the cgroup is not mounted. Memory limited without swap.
[INFO] running `Command { std: "docker" "start" "-a" "280a6384b51aca1338d80deb96eb480ce832ea0e17de171d842f88c70409fc99", kill_on_drop: false }`
[INFO] [stderr]    Compiling proc-macro2 v1.0.12
[INFO] [stderr]    Compiling unicode-xid v0.2.0
[INFO] [stderr]    Compiling syn v1.0.18
[INFO] [stderr]    Compiling serde v1.0.106
[INFO] [stderr]    Compiling proc-macro-nested v0.1.4
[INFO] [stderr]    Compiling proc-macro-hack v0.5.15
[INFO] [stderr]     Checking arc-swap v0.4.6
[INFO] [stderr]     Checking futures-task v0.3.4
[INFO] [stderr]     Checking futures-io v0.3.4
[INFO] [stderr]    Compiling byteorder v1.3.4
[INFO] [stderr]    Compiling cfg-if v0.1.10
[INFO] [stderr]    Compiling pq-sys v0.4.6
[INFO] [stderr]     Checking copyless v0.1.4
[INFO] [stderr]    Compiling failure_derive v0.1.8
[INFO] [stderr]    Compiling smallvec v1.4.0
[INFO] [stderr]    Compiling scopeguard v1.1.0
[INFO] [stderr]     Checking match_cfg v0.1.0
[INFO] [stderr]     Checking linked-hash-map v0.5.2
[INFO] [stderr]     Checking base64 v0.11.0
[INFO] [stderr]     Checking sha1 v0.6.0
[INFO] [stderr]     Checking dotenv v0.15.0
[INFO] [stderr]     Checking uuid v0.6.5
[INFO] [stderr]     Checking futures-channel v0.3.4
[INFO] [stderr]     Checking bytestring v0.1.5
[INFO] [stderr]    Compiling backtrace-sys v0.1.37
[INFO] [stderr]    Compiling brotli-sys v0.3.2
[INFO] [stderr]     Checking http v0.2.1
[INFO] [stderr]    Compiling lock_api v0.3.4
[INFO] [stderr]     Checking lru-cache v0.1.2
[INFO] [stderr]    Compiling libc v0.2.69
[INFO] [stderr]    Compiling log v0.4.8
[INFO] [stderr]    Compiling bitflags v1.2.1
[INFO] [stderr]     Checking crc32fast v1.2.0
[INFO] [stderr]     Checking encoding_rs v0.8.22
[INFO] [stderr]     Checking net2 v0.2.34
[INFO] [stderr]     Checking signal-hook-registry v1.2.0
[INFO] [stderr]     Checking parking_lot_core v0.7.2
[INFO] [stderr]     Checking socket2 v0.3.12
[INFO] [stderr]     Checking hostname v0.3.1
[INFO] [stderr]     Checking listenfd v0.3.3
[INFO] [stderr]    Compiling num-traits v0.2.11
[INFO] [stderr]     Checking flate2 v1.0.14
[INFO] [stderr]     Checking threadpool v1.8.0
[INFO] [stderr]     Checking resolv-conf v0.6.3
[INFO] [stderr]     Checking parking_lot v0.10.2
[INFO] [stderr]     Checking mio v0.6.22
[INFO] [stderr]     Checking fxhash v0.2.1
[INFO] [stderr]     Checking scheduled-thread-pool v0.2.4
[INFO] [stderr]    Compiling time v0.1.43
[INFO] [stderr]     Checking r2d2 v0.8.8
[INFO] [stderr]    Compiling quote v1.0.4
[INFO] [stderr]     Checking backtrace v0.3.46
[INFO] [stderr]    Compiling num-integer v0.1.42
[INFO] [stderr]     Checking mio-uds v0.6.8
[INFO] [stderr]     Checking tokio v0.2.20
[INFO] [stderr]     Checking brotli2 v0.3.2
[INFO] [stderr]     Checking tokio-util v0.2.0
[INFO] [stderr]     Checking tokio-util v0.3.1
[INFO] [stderr]     Checking actix-codec v0.2.0
[INFO] [stderr]    Compiling synstructure v0.12.3
[INFO] [stderr]    Compiling serde_derive v1.0.106
[INFO] [stderr]    Compiling futures-macro v0.3.4
[INFO] [stderr]    Compiling derive_more v0.99.5
[INFO] [stderr]    Compiling pin-project-internal v0.4.9
[INFO] [stderr]    Compiling actix-macros v0.1.1
[INFO] [stderr]    Compiling diesel_derives v1.4.1
[INFO] [stderr]    Compiling async-trait v0.1.30
[INFO] [stderr]    Compiling enum-as-inner v0.3.2
[INFO] [stderr]    Compiling actix-web-codegen v0.2.1
[INFO] [stderr]     Checking failure v0.1.8
[INFO] [stderr]     Checking futures-util v0.3.4
[INFO] [stderr]     Checking pin-project v0.4.9
[INFO] [stderr]     Checking futures-executor v0.3.4
[INFO] [stderr]     Checking actix-service v1.0.5
[INFO] [stderr]     Checking h2 v0.2.4
[INFO] [stderr]     Checking futures v0.3.4
[INFO] [stderr]     Checking trust-dns-proto v0.18.0-alpha.2
[INFO] [stderr]     Checking actix-threadpool v0.3.1
[INFO] [stderr]     Checking actix-rt v1.1.1
[INFO] [stderr]     Checking actix-utils v1.0.6
[INFO] [stderr]     Checking actix-server v1.0.2
[INFO] [stderr]     Checking actix-tls v1.0.0
[INFO] [stderr]     Checking actix-testing v1.0.0
[INFO] [stderr]     Checking trust-dns-resolver v0.18.0-alpha.2
[INFO] [stderr]     Checking actix-connect v1.0.2
[INFO] [stderr]     Checking chrono v0.4.11
[INFO] [stderr]     Checking serde_urlencoded v0.6.1
[INFO] [stderr]     Checking serde_json v1.0.52
[INFO] [stderr]     Checking actix-router v0.2.4
[INFO] [stderr]     Checking uuid v0.8.1
[INFO] [stderr]     Checking diesel v1.4.4
[INFO] [stderr]     Checking actix-http v1.0.1
[INFO] [stderr]     Checking awc v1.0.1
[INFO] [stderr]     Checking actix-web v2.0.0
[INFO] [stderr]     Checking migrations_internals v1.4.1
[INFO] [stderr]    Compiling migrations_macros v1.4.2
[INFO] [stderr]     Checking diesel_migrations v1.4.0
[INFO] [stderr]     Checking rust-simple-crud v0.1.0 (/opt/rustwide/workdir)
[INFO] [stdout] error[E0433]: failed to resolve: use of undeclared type or module `db`
[INFO] [stdout]   --> src/main.rs:15:5
[INFO] [stdout]    |
[INFO] [stdout] 15 |     db::init();
[INFO] [stdout]    |     ^^ use of undeclared type or module `db`
[INFO] [stdout] 
[INFO] [stdout] 
[INFO] [stdout] error[E0433]: failed to resolve: use of undeclared type or module `users`
[INFO] [stdout]   --> src/main.rs:18:62
[INFO] [stdout]    |
[INFO] [stdout] 18 |     let mut server = HttpServer::new(|| App::new().configure(users::init_routes));
[INFO] [stdout]    |                                                              ^^^^^ use of undeclared type or module `users`
[INFO] [stdout] 
[INFO] [stdout] 
[INFO] [stdout] warning: unused `#[macro_use]` import
[INFO] [stdout]  --> src/main.rs:1:1
[INFO] [stdout]   |
[INFO] [stdout] 1 | #[macro_use]
[INFO] [stdout]   | ^^^^^^^^^^^^
[INFO] [stdout]   |
[INFO] [stdout]   = note: `#[warn(unused_imports)]` on by default
[INFO] [stdout] 
[INFO] [stdout] 
[INFO] [stdout] warning: unused `#[macro_use]` import
[INFO] [stdout]  --> src/main.rs:4:1
[INFO] [stdout]   |
[INFO] [stdout] 4 | #[macro_use]
[INFO] [stdout]   | ^^^^^^^^^^^^
[INFO] [stdout] 
[INFO] [stdout] 
[INFO] [stdout] error[E0433]: failed to resolve: use of undeclared type or module `db`
[INFO] [stdout]   --> src/main.rs:15:5
[INFO] [stdout]    |
[INFO] [stdout] 15 |     db::init();
[INFO] [stdout]    |     ^^ use of undeclared type or module `db`
[INFO] [stdout] 
[INFO] [stdout] 
[INFO] [stdout] error[E0433]: failed to resolve: use of undeclared type or module `users`
[INFO] [stdout]   --> src/main.rs:18:62
[INFO] [stdout]    |
[INFO] [stdout] 18 |     let mut server = HttpServer::new(|| App::new().configure(users::init_routes));
[INFO] [stdout]    |                                                              ^^^^^ use of undeclared type or module `users`
[INFO] [stdout] 
[INFO] [stdout] 
[INFO] [stdout] warning: unused `#[macro_use]` import
[INFO] [stdout]  --> src/main.rs:1:1
[INFO] [stdout]   |
[INFO] [stdout] 1 | #[macro_use]
[INFO] [stdout]   | ^^^^^^^^^^^^
[INFO] [stdout]   |
[INFO] [stdout]   = note: `#[warn(unused_imports)]` on by default
[INFO] [stdout] 
[INFO] [stdout] 
[INFO] [stdout] warning: unused `#[macro_use]` import
[INFO] [stdout]  --> src/main.rs:4:1
[INFO] [stdout]   |
[INFO] [stdout] 4 | #[macro_use]
[INFO] [stdout]   | ^^^^^^^^^^^^
[INFO] [stdout] 
[INFO] [stdout] 
[INFO] [stdout] error: aborting due to 2 previous errors; 2 warnings emitted
[INFO] [stdout] 
[INFO] [stdout] 
[INFO] [stdout] For more information about this error, try `rustc --explain E0433`.
[INFO] [stdout] 
[INFO] [stderr] error: could not compile `rust-simple-crud`.
[INFO] [stderr] 
[INFO] [stderr] To learn more, run the command again with --verbose.
[INFO] [stderr] warning: build failed, waiting for other jobs to finish...
[INFO] [stdout] error: aborting due to 2 previous errors; 2 warnings emitted
[INFO] [stdout] 
[INFO] [stdout] 
[INFO] [stdout] For more information about this error, try `rustc --explain E0433`.
[INFO] [stdout] 
[INFO] [stderr] error: build failed
[INFO] running `Command { std: "docker" "inspect" "280a6384b51aca1338d80deb96eb480ce832ea0e17de171d842f88c70409fc99", kill_on_drop: false }`
[INFO] running `Command { std: "docker" "rm" "-f" "280a6384b51aca1338d80deb96eb480ce832ea0e17de171d842f88c70409fc99", kill_on_drop: false }`
[INFO] [stdout] 280a6384b51aca1338d80deb96eb480ce832ea0e17de171d842f88c70409fc99
